
Let w be 1/(-1)*4 + 4. Let c(x) = -x + 2*x + w*x + 20 - 2*x. Let v be c(13). Let j(f) = -f**3 + 8*f**2 - 8*f + 2. What is j(v)?
-5
Let y(v) = -v**2 - 25*v - 70. Let s be -13 - -24*(-3)/8. Calculate y(s).
-4
Let g(b) be the first derivative of -9*b**2/2 + 4*b + 1682. Calculate g(4).
-32
Suppose 260 = -12*f - 736. Let c = 73 + f. Let r be (16/(-20))/(2 + 16/c). Let j(v) = 2*v**2 - 3*v - 2. Determine j(r).
12
Let c(y) be the second derivative of 0 + 1/2*y**2 + 1/3*y**3 + 41*y. Calculate c(6).
13
Let a(q) = 3*q**2 + 5*q + 4. Suppose -5 - 15 = -5*x - 4*r, 0 = -2*x + 4*r + 8. Let f(w) = -w**3 + 5*w**2 - 6*w + 5. Let m be f(x). Calculate a(m).
16
Let s(z) = -1002*z + 4010. Let v be s(4). Let r(f) = 6 - 1 - 2 - 2*f. Give r(v).
-1
Let s = 1298 + -1295. Let k(a) = 151*a - 5*a**2 + 4*a**2 - 148*a - 3. Determine k(s).
-3
Let q(p) = -5*p**3 + 9*p + 3. Let t(h) = 17*h**3 - 2*h**2 - 28*h - 10. Let k(g) = 7*q(g) + 2*t(g). Suppose -28 = -4*r + 12. Let m = 5 - r. Give k(m).
-9
Let f(v) = v**3 - 10*v**2 + 5*v + 2. Suppose 0 = g - 3*g, -9*h - 6*g + 5*g = -54. What is f(h)?
-112
Let t(a) = -2041*a - 2035. Let q be t(-1). Let x(b) be the third derivative of 0*b - 1/8*b**4 - 1/120*b**q + 36*b**2 + 1/3*b**3 + 0 + 7/60*b**5. Determine x(6).
20
Let i be (9/21)/((6/(-21))/(-2)). Suppose -z - 5*q + i*q = 12, -z - 6 = -q. Let r(s) = -2*s - 6. Determine r(z).
10
Let r(c) = 116*c + 2662. Let d(h) = -58*h - 1215. Let x(u) = 7*d(u) + 3*r(u). What is x(-9)?
3
Let o(r) = 4*r**3 + 14*r**2 - 9*r + 36. Let u(j) = -15*j**3 - 55*j**2 + 36*j - 143. Let f(v) = 11*o(v) + 3*u(v). Calculate f(-12).
3
Let t(a) = -a**2 - a - 3. Let r(v) = -4*v**2 + 6*v + 14. Let l(h) = -r(h) - 3*t(h). Calculate l(-2).
29
Let c(a) = -a**3 + 6*a**2 + a - 28. Let s be ((-220)/(-30) - 8)/((-28)/210). What is c(s)?
2
Let y(w) = w - 5. Let z be (-4)/12 - (-2)/(-3) - -3. Suppose -9*a - 4*b - 10 = -12*a, -z*a + 2*b = -8. Calculate y(a).
1
Let x be (2 - 16/5)/(1/(-5)). Let t(z) be the third derivative of -z**6/120 + z**5/12 + z**4/3 - 7*z**3/6 - 10*z**2. Determine t(x).
5
Let w(f) = -1 + f**3 + 6*f - 5*f + 4*f**2 - f. Suppose -78 + 378 = -2*b + 4*m, -2*b + 2*m = 298. Let v = 144 + b. Give w(v).
-1
Let k(l) = l**3 + 10*l**2 + 10*l - 9. Let j(y) = -5*y + 6 - 8*y + 5*y - 7*y**2. Let w be j(1). Determine k(w).
-18
Suppose -64*k - 62*k + 119*k = 35. Let a(h) = -h**3 - 4*h**2 + 7*h + 5. Give a(k).
-5
Let k(l) be the third derivative of -l**4/24 + 49*l**3/6 - 29*l**2 + l + 4. What is k(19)?
30
Suppose 39 = 23*o - 23 + 16. Let t(d) = -13*d**3 - 2*d**2 + 2*d - 3. Determine t(o).
-111
Let a be ((-8)/(-4))/(-2 + (2 - -1)). Let u(j) = j**3 + 6*j**3 + a*j - 3*j**3 + 1 - 2. Suppose -p - 4 - 1 = 0, 4*w + 11 = -3*p. Calculate u(w).
5
Let a(x) be the second derivative of 10*x**3/3 - x**2 - 22*x + 1. Determine a(-1).
-22
Let a(m) = -m**2 + 11*m - 24. Let o be 7 - (6/((-24)/7) - (-12)/16). Calculate a(o).
0
Suppose -4*t + 3*w - 6 + 4 = 0, -2*t - 12 = 4*w. Let h(s) = -2*s**2 + s + 1. Let u(o) = o**2. Let d(k) = -h(k) - 4*u(k). Calculate d(t).
-7
Suppose 4*m + 17 = 5*s, -2*m + 3*m + 3*s = 17. Let o(z) = -z + 3 + m*z - 5 - 1. Suppose 33*y - 35*y = -12. Calculate o(y).
3
Suppose 28 = 3*z - 2*f, 8*f - 35 = -5*z + 9*f. Let i(d) be the first derivative of -d + 1 + 1/2*d**2. Determine i(z).
5
Let b = -10729 + 10713. Let k(d) = 5*d + 82. Give k(b).
2
Let z(s) = -s + 12. Let j(c) = -5*c**2 - 57*c - 66. Let b be j(-10). Determine z(b).
8
Let v = 13089 + -13115. Let z(x) = -5*x - 136. Calculate z(v).
-6
Let y = -7651 - -7702. Let u(l) = -l**2 + 50*l + 50. Determine u(y).
-1
Let o(s) = -22*s - 23. Suppose -7*k - 7*k = 14. Give o(k).
-1
Let g(m) = 124 + 2*m + 6*m + 91 - 20*m - 74. Determine g(11).
9
Let g(f) = -f**2 + 5*f + 28. Let p be g(-3). Let r be p + -2 + (1 - 14) - 5. Let q(a) = -a**2 - 15*a + 22. Give q(r).
6
Let d(k) be the second derivative of -k**4/6 - k**3/3 - 7*k**2/2 + k - 348. Give d(4).
-47
Let a(q) = -2*q - 26. Let y = 104 + -100. Suppose y*n + 11 = 3*n. Let s be a(n). Let d(l) = l**2 + 4*l + 1. Give d(s).
1
Let z(m) = m**3 + 11*m**2 + 8*m - 24. Let i be z(-8). Let k(w) be the first derivative of i*w**2 - 2 - 103*w**2 - w**3 + 10 + 4*w. Calculate k(3).
-17
Suppose 4*m - 8*l + 4 = 0, -2*m + 7*l + 4 = 4*l. Let r(w) = -w**3 + 8*w**2 + 34*w - 14. Determine r(m).
-3
Let g(d) = 7*d - 6*d**2 - 4161 + 8261 - 4109. Calculate g(2).
-19
Let o(t) = -t**3 + 24*t**2 + 4*t - 23. Suppose -528 = 77*n + 79*n - 178*n. What is o(n)?
73
Let f(b) = b**3 + 7*b**2 - 26*b + 25. Let z be (4 + (-144)/28 - 4/(-28)) + -9. What is f(z)?
-15
Let d(s) = 61 - 55*s - 2*s**2 - 64 + 53*s. Determine d(6).
-87
Let z = -20 - -38. Suppose 8*y = -z - 30. Let u be ((-14)/y - 1)/(30/(-45)). Let o(x) = -4*x - 1. Determine o(u).
7
Let k(b) = 10*b**2 - 1. Let s be 1 + -1 - 9/(-3). Suppose -7*c = -s*c - 60. Let q be (-7)/2 - c/(-6). Give k(q).
9
Let m(b) = 83*b + 79*b + 84*b + 24*b**3 + 1 - 327*b + 80*b. What is m(1)?
24
Let h(f) = 60*f**2 + 184*f + 916. Let t(y) = 4*y**2 + 11*y + 61. Let m(v) = -3*h(v) + 44*t(v). Determine m(-16).
0
Suppose -6 = -4*m + j + j, 3*m - 2*j = 5. Let s(x) be the first derivative of -x**2/2 + x - 518. Let l(h) = 7. Let q(i) = m*l(i) + s(i). Give q(-7).
15
Let c(p) = p**2 + 10*p + 8. Let d = -49 + 84. Suppose 3*o + d = -2*l, 0*l + 2*o = -4*l - 50. Calculate c(l).
8
Let x be 1 - -2 - (2 + -3)*1. Let p = -42 - -52. Let i(r) = 0*r - p*r**2 + 11*r**2 - r - x*r. Calculate i(4).
-4
Let t be (-11 - (-1 - 11))*(-14)/(-2). Let b(y) = 0*y**2 - 9 - 1 - 2*y**2 - 6*y + 3*y**2. Give b(t).
-3
Suppose 4*a + 48 = 12*a. Let g(j) = -26*j + 13. Let t(r) = 51*r - 24. Let p(s) = a*t(s) + 11*g(s). Let f = -37 + 36. Determine p(f).
-21
Suppose -2*j - s + 5 = 0, 2*j - 2*s - 30 = 2*s. Suppose -c + j = 0, -204 = 3*t - 5*t + 4*c. Let b = -108 + t. Let o(r) = -2*r**2 + 7*r - 4. Determine o(b).
-8
Let a(k) = -3*k - 3. Let u be a(-2). Let b(y) be the third derivative of 1/60*y**5 + 1/24*y**4 + 36*y**2 + 0*y + 0 + 0*y**3. Determine b(u).
12
Suppose -244*g = 8898 - 7434. Let y(f) be the third derivative of 0*f - 1/10*f**5 + 0 + 0*f**4 - f**2 + 1/6*f**3 - 1/120*f**6. Determine y(g).
1
Let p = 25 - 17. Let o be 3/(-6*1/p). Let s(m) = -3 + 7*m - 2*m - 3*m - m + 0*m. Determine s(o).
-7
Suppose 3*q = q - 2. Let t(b) be the third derivative of 0*b**3 - 1/60*b**5 + 439*b**2 - 1/60*b**6 - 1/24*b**4 + 0 + 0*b. Give t(q).
2
Let h(i) be the third derivative of 1/24*i**4 + 0 + 3*i + 0*i**3 + 53*i**2. Suppose 0*d = 4*d. Determine h(d).
0
Suppose -4*t - 4*f = -28, 7*t - 4*t - 1 = f. Let i(p) = 4 + p**2 - 3*p + 4*p**t - 6*p**2. What is i(-5)?
-6
Let f(u) = -4*u**3 - u**2 + 8*u - 6. Let l(t) = 4*t**3 + t**2 - 3*t + 1. Let i(m) = -2*f(m) - 3*l(m). Determine i(2).
-41
Let c(h) = -3*h**3 - 3*h**2 + 14 + 0*h**2 - 245*h + 244*h. Let o(q) = q**3 - q - 1. Let d(m) = -c(m) - 4*o(m). What is d(4)?
-6
Let m be (149 + -1)/(102/(-255)). Let h = -365 - m. Let s(r) = r**2 - 3*r - 9. Calculate s(h).
1
Let b = 2 + 4. Suppose -v - v - q + b = 0, -2*v + 6 = 2*q. Let n(p) be the first derivative of p**2 + p + 20. What is n(v)?
7
Let p(u) = -6*u + 75. Let x(a) = 12*a - 137. Let g(s) = -11*p(s) - 6*x(s). Determine g(5).
-33
Let g(x) = 5*x + 51. Let t be g(-11). Let i(h) = -5*h**3 + 8*h**2 - 5*h + 3. Let w(u) = 6*u**3 - 8*u**2 + 5*u - 4. Let f(p) = t*w(p) - 5*i(p). Give f(7).
-13
Let d(q) = -q**3 + 7*q**2 + 96*q - 11. Suppose 14027*y = 14036*y + 63. Calculate d(y).
3
Let s(n) = -n**3 + 7*n**2 + n - 5. Suppose -27*i + 2304 = -15*i. Suppose 108 = -12*d + i. Determine s(d).
2
Let c(g) = -13*g**2 - 17*g + 30. Let b(s) = -3*s**2 - 4*s + 8. Let q(p) = -9*b(p) + 2*c(p). Let o(f) = f + 16. Let l be o(-21). Calculate q(l).
3
Let x(l) = -13*l + 4. Let z(o) = -o**2 + 3*o + 187. Let n be z(-12). What is x(n)?
-87
Let u be ((-1)/(-1) + -3)/(-1). Let b = -16 + 18. Let a(o) = -b*o + 2*o + 45*o**u - 44*o**2 + 1. Calculate a(1).
2
Let x(k) = 12*k - 2. Let d = 6595 - 6589. Give x(d).
70
Suppose 3*w + 2*o = 249, 15*w - o + 337 = 19*w. Let b(r) = -r**2 - w*r + 39*r + 43*r. Calculate b(-3).
0
Let x(w) = 8*w - 3. Let i be (-2)/5 + (-3 - (-210)/25). Suppose 0 = 2*v - 2*b - 3*b - i, 4*b + 4 = 3*v. Let u be (-5 + 3 - v) + 4. Calculate x(u).
13
Let g(v) be the third derivative of v**6/120 + 125*v**2. Let h(i) = 6*i**3 + 9*i**2 + 7*i + 5. L